 in base 14?
7
-25 (base 6) to base 14
-13
Convert -7 (base 9) to base 5.
-12
Convert 15 (base 13) to base 16.
12
What is -101 (base 11) in base 8?
-172
Convert 126 (base 8) to base 2.
1010110
4 (base 11) to base 3
11
What is -8c (base 14) in base 8?
-174
Convert 0 (base 11) to base 2.
0
What is -30 (base 4) in base 11?
-11
-20 (base 11) to base 8
-26
Convert 1 (base 9) to base 16.
1
What is -20 (base 4) in base 2?
-1000
Convert 2 (base 10) to base 7.
2
Convert 12 (base 3) to base 7.
5
What is 3030 (base 4) in base 5?
1304
313 (base 4) to base 14
3d
-38 (base 14) to base 12
-42
1021 (base 3) to base 9
37
What is 13 (base 15) in base 4?
102
Convert 2 (base 16) to base 2.
10
Convert -71 (base 14) to base 16.
-63
2 (base 3) to base 5
2
Convert -20 (base 3) to base 9.
-6
What is 240 (base 6) in base 2?
1100000
What is -1202 (base 3) in base 14?
-35
-1 (base 14) to base 2
-1
Convert 1 (base 8) to base 3.
1
Convert -30 (base 4) to base 15.
-c
-8 (base 14) to base 15
-8
Convert -3a (base 13) to base 15.
-34
Convert -34 (base 10) to base 14.
-26
Convert 8d (base 14) to base 3.
11122
What is -121 (base 11) in base 12?
-100
What is 53 (base 10) in base 2?
110101
Convert -2 (base 8) to base 6.
-2
Convert 0 (base 9) to base 11.
0
What is 126 (base 8) in base 16?
56
What is -3 (base 14) in base 7?
-3
8 (base 13) to base 15
8
-2 (base 5) to base 12
-2
Convert -10 (base 3) to base 14.
-3
Convert 5 (base 13) to base 11.
5
What is 2 (base 16) in base 13?
2
What is -1 (base 3) in base 16?
-1
3012 (base 4) to base 7
402
What is -100101 (base 2) in base 13?
-2b
What is 12 (base 8) in base 3?
101
What is -13 (base 9) in base 7?
-15
43 (base 7) to base 13
25
-27 (base 8) to base 9
-25
2003 (base 4) to base 3
11212
What is 140 (base 8) in base 15?
66
1 (base 4) to base 13
1
Convert -1 (base 12) to base 2.
-1
Convert 1e (base 16) to base 10.
30
What is 11 (base 9) in base 15?
a
21001 (base 3) to base 4
2332
3 (base 7) to base 12
3
Convert -3 (base 12) to base 15.
-3
Convert 2 (base 10) to base 14.
2
What is 421 (base 10) in base 15?
1d1
What is -3 (base 8) in base 13?
-3
-3 (base 13) to base 2
-11
-6 (base 10) to base 5
-11
What is c (base 13) in base 5?
22
What is 3 (base 16) in base 8?
3
Convert 2b (base 12) to base 6.
55
-cb (base 13) to base 5
-1132
Convert -230 (base 4) to base 14.
-32
-3 (base 4) to base 8
-3
4 (base 14) to base 16
4
Convert 5 (base 11) to base 7.
5
Convert 13 (base 9) to base 2.
1100
Convert -45 (base 14) to base 9.
-67
Convert 0 (base 15) to base 5.
0
110 (base 11) to base 9
156
Convert -33 (base 6) to base 3.
-210
What is -5 (base 9) in base 6?
-5
What is -164 (base 10) in base 11?
-13a
What is d (base 15) in base 5?
23
What is 0 (base 5) in base 14?
0
What is 310 (base 4) in base 3?
1221
4 (base 16) to base 14
4
-12a (base 12) to base 16
-b2
What is 32 (base 4) in base 5?
24
Convert -41 (base 6) to base 15.
-1a
Convert 5 (base 9) to base 13.
5
Convert 36 (base 9) to base 7.
45
Convert 5 (base 6) to base 8.
5
Convert -11 (base 2) to base 14.
-3
What is 273 (base 11) in base 12?
22a
What is 1 (base 15) in base 11?
1
Convert -6 (base 10) to base 3.
-20
333 (base 5) to base 7
162
What is 5 (base 12) in base 11?
5
20 (base 7) to base 5
24
What is 12 (base 6) in base 2?
1000
What is 33 (base 6) in base 9?
23
0 (base 12) to base 11
0
What is -10000 (base 2) in base 7?
-22
What is 10 (base 10) in base 4?
22
What is 3 (base 16) in base 10?
3
Convert -67 (base 14) to base 6.
-231
Convert -9c (base 13) to base 9.
-153
Convert 17 (base 11) to base 7.
24
What is -e (base 16) in base 11?
-13
Convert -34 (base 6) to base 3.
-211
What is 136 (base 10) in base 7?
253
What is 33 (base 6) in base 12?
19
2 (base 4) to base 6
2
Convert -2 (base 7) to base 12.
-2
What is 2 (base 15) in base 14?
2
What is 1a (base 15) in base 8?
31
4 (base 11) to base 12
4
34 (base 9) to base 2
11111
5 (base 14) to base 11
5
Convert -b0 (base 15) to base 10.
-165
-1 (base 4) to base 7
-1
Convert 2 (base 9) to base 10.
2
Convert -2c (base 13) to base 2.
-100110
What is -1 (base 8) in base 3?
-1
-47 (base 15) to base 4
-1003
What is -1 (base 3) in base 8?
-1
2 (base 10) to base 5
2
What is -3 (base 6) in base 13?
-3
410 (base 7) to base 11
175
Convert -1010001 (base 2) to base 16.
-51
What is 2 (base 9) in base 15?
2
What is 108 (base 11) in base 3?
11210
What is -119 (base 10) in base 8?
-167
Convert 101101 (base 2) to base 10.
45
What is 121 (base 5) in base 2?
100100
53 (base 12) to base 4
333
What is 72 (base 8) in base 12?
4a
What is -2 (base 16) in base 15?
-2
24 (base 6) to base 8
20
Convert -1 (base 10) to base 13.
-1
What is 161 (base 10) in base 8?
241
Convert 2 (base 10) to base 9.
2
27 (base 8) to base 3
212
-1 (base 12) to base 10
-1
Convert -103 (base 5) to base 16.
-1c
-12 (base 5) to base 7
-10
What is 32 (base 5) in base 14?
13
-4 (base 16) to base 14
-4
What is -22 (base 6) in base 8?
-16
Convert 4 (base 5) to base 4.
10
What is 13 (base 9) in base 6?
20
What is 9 (base 10) in base 6?
13
Convert 5 (base 6) to base 10.
5
-11 (base 3) to base 10
-4
10 (base 12) to base 7
15
100 (base 2) to base 5
4
What is 5c (base 13) in base 3?
2212
1 (base 5) to base 15
1
What is -6 (base 16) in base 3?
-20
Convert -67 (base 9) to base 8.
-75
What is 11 (base 6) in base 14?
7
Convert -22 (base 3) to base 13.
-8
50 (base 12) to base 8
74
What is 2 (base 11) in base 9?
2
Convert -3 (base 15) to base 5.
-3
What is -3 (base 10) in base 8?
-3
Convert 4 (base 16) to base 10.
4
-32 (base 9) to base 13
-23
1 (base 2) to base 14
1
What is -12 (base 4) in base 6?
-10
Convert 1201 (base 4) to base 13.
76
What is 54 (base 11) in base 3?
2012
Convert -b (base 16) to base 9.
-12
201 (base 7) to base 12
83
5 (base 13) to base 14
5
-4 (base 6) to base 2
-100
Convert -43 (base 13) to base 4.
-313
Convert -11 (base 3) to base 4.
-10
What is -29 (base 12) in base 6?
-53
What is 160 (base 8) in base 4?
1300
What is -2 (base 7) in base 14?
-2
0 (base 8) to base 2
0
b (base 13) to base 5
21
What is -301 (base 6) in base 13?
-85
c (base 13) to base 15
c
What is -100 (base 4) in base 13?
-13
-14 (base 9) to base 7
-16
Convert 0 (base 8) to base 4.
0
What is 1e (base 15) in base 11?
27
Convert -1 (base 10) to base 12.
-1
-5 (base 15) to base 11
-5
-100011111 (base 2) to base 15
-142
What is -67 (base 9) in base 8?
-75
-24 (base 13) to base 3
-1010
What is -2 (base 15) in base 2?
-10
Convert ab (base 14) to base 5.
1101
What is -32 (base 13) in base 8?
-51
What is -3 (base 8) in base 4?
-3
What is -4b (base 12) in base 11?
-54
-7 (base 12) to base 4
-13
What is 2 (base 11) in base 7?
2
What is 5 (base 8) in base 3?
12
-100001 (base 2) to base 9
-36
Convert -2 (base 13) to base 12.
-2
22 (base 10) to base 15
17
-10100 (base 2) to base 14
-16
-2 (base 12) to base 3
-2
Convert 2 (base 3) to base 10.
2
32 (base 14) to base 4
230
Convert -3 (base 13) to base 12.
-3
Convert -2 (base 16) to base 12.
-2
What is -2 (base 9) in base 10?
-2
Convert 24 (base 15) to base 3.
1021
Convert -21 (base 6) to base 4.
-31
What is 3 (base 4) in base 13?
3
3 (base 16) to base 7
3
Convert 18 (base 11) to base 8.
23
What is 22 (base 13) in base 5?
103
What is 67 (base 12) in base 9?
87
41 (base 6) to base 10
25
What is -100 (base 2) in base 10?
-4
Convert -10 (base 3) to base 2.
-11
-1100 (base 2) to base 16
-c
-23 (base 15) to base 2
-100001
Convert -30 (base 7) to base 8.
-25
Convert 42 (base 11) to base 2.
101110
Convert -5 (base 12) to base 16.
-5
Convert 70 (base 8) to base 12.
48
Convert -2 (base 10) to base 4.
-2
What is 20 (base 7) in base 8?
16
Convert -3 (base 8) to base 3.
-10
2 (base 4) to base 10
2
What is 3 (base 13) in base 9?
3
What is 432 (base 8) in base 12?
1b6
-5 (base 15) to base 12
-5
What is -6 (base 13) in base 12?
-6
Convert 23 (base 4) to base 8.
13
-1a (base 12) to base 3
-211
Convert 24 (base 11) to base 7.
35
Convert -3 (base 13) to base 15.
-3
0 (base 4) to base 9
0
Convert -20 (base 9) to base 2.
-10010
-11a (base 13) to base 10
-192
-4 (base 12) to base 4
-10
Convert 2 (base 9) to base 14.
2
What is 11011 (base 2) in base 8?
33
What is 0 (base 12) in base 14?
0
Convert -1125 (base 6) to base 4.
-10031
What is 5 (base 14) in base 12?
5
-227 (base 9) to base 13
-115
Convert b (base 12) to base 4